ase 8) in base 2?
100101110101
-11370 (base 9) to base 5
-220341
-25 (base 16) to base 13
-2b
-4a806 (base 11) to base 5
-4312343
What is 1211002 (base 3) in base 8?
2455
16556 (base 10) to base 12
96b8
What is 131434 (base 5) in base 4?
1101330
107 (base 8) to base 4
1013
What is -31ba (base 13) in base 2?
-1101100000001
What is 1102100202 (base 3) in base 11?
1a013
Convert -31220 (base 5) to base 3.
-2211022
14323 (base 5) to base 2
10010111101
What is -131121 (base 4) in base 6?
-12413
What is -d0 (base 16) in base 4?
-3100
Convert -142204 (base 5) to base 15.
-1b54
Convert 1a4d (base 14) to base 4.
1022211
-4b9b (base 14) to base 9
-20173
-1263 (base 12) to base 11
-1631
What is -c4 (base 13) in base 3?
-12221
54204 (base 6) to base 3
101011211
10020 (base 3) to base 16
57
What is 1102222 (base 3) in base 5?
13202
-122422 (base 5) to base 16
-1281
What is 1143 (base 14) in base 15?
d4e
-42220 (base 5) to base 2
-101011111010
-143 (base 7) to base 15
-55
Convert 20301011 (base 4) to base 6.
434125
What is 3512 (base 16) in base 6?
142522
What is 320110 (base 4) in base 6?
24404
What is 1133 (base 7) in base 5?
3131
-7227 (base 10) to base 9
-10820
Convert 14d3e (base 15) to base 12.
32a05
Convert -6673 (base 13) to base 4.
-3133102
What is -8f95 (base 16) in base 5?
-2134012
What is 322 (base 10) in base 8?
502
-1224431 (base 5) to base 9
-35508
11220101 (base 3) to base 9
4811
Convert -351 (base 7) to base 8.
-267
Convert -364 (base 9) to base 3.
-102011
What is 3172 (base 9) in base 12?
1425
Convert 1211344 (base 5) to base 15.
6aee
-499 (base 14) to base 11
-766
-3757 (base 9) to base 10
-2806
-b182 (base 16) to base 12
-2236a
-1447 (base 10) to base 15
-667
What is -21202002 (base 3) in base 5?
-140040
Convert -11021000 (base 3) to base 9.
-4230
153335 (base 7) to base 8
72476
Convert -10 (base 9) to base 12.
-9
1c21 (base 14) to base 9
7024
What is -bb21 (base 13) in base 7?
-135646
-100100000 (base 2) to base 9
-350
Convert 384c (base 13) to base 16.
1f47
What is -22221 (base 3) in base 2?
-11110001
-2721 (base 10) to base 5
-41341
-33233201 (base 4) to base 14
-196db
68 (base 16) to base 15
6e
Convert -248 (base 9) to base 16.
-ce
What is -1032003 (base 4) in base 15?
-1730
-51 (base 16) to base 12
-69
Convert 101121 (base 3) to base 5.
2121
-200 (base 14) to base 5
-3032
Convert 43232 (base 5) to base 7.
11402
Convert -153345 (base 6) to base 16.
-3ac1
Convert -1421 (base 5) to base 9.
-282
What is -1231303 (base 4) in base 9?
-10567
21022001 (base 3) to base 13
2563
103003 (base 4) to base 8
2303
Convert -1001121200 (base 3) to base 6.
-240330
Convert 3025 (base 6) to base 11.
555
What is 120221 (base 3) in base 2?
110101110
-3a4 (base 15) to base 5
-11304
Convert -33a7 (base 13) to base 5.
-212420
Convert 1345 (base 13) to base 8.
5311
What is -219 (base 16) in base 4?
-20121
Convert 101227 (base 8) to base 13.
122a8
110110000 (base 2) to base 8
660
Convert -1111100011111010 (base 2) to base 6.
-1211030
2003 (base 6) to base 11
366
What is -202121201 (base 3) in base 16?
-3ab7
What is 151 (base 14) in base 2?
100001011
-5ae7 (base 16) to base 6
-255423
254 (base 9) to base 2
11010011
Convert 1023313 (base 4) to base 9.
6584
What is -100111010100100 (base 2) in base 3?
-1000121122
Convert 1022012 (base 3) to base 11.
794
What is -c2 (base 13) in base 6?
-422
27b (base 15) to base 12
3b2
Convert -6312 (base 10) to base 3.
-22122210
Convert 1101000100111110 (base 2) to base 5.
3203231
1000131 (base 4) to base 8
10035
Convert -34544 (base 6) to base 15.
-170a
Convert -123112 (base 5) to base 10.
-4782
What is -2b5 (base 13) in base 7?
-1263
-1543 (base 15) to base 4
-1013103
What is -1002121102 (base 3) in base 11?
-15242
-32553 (base 6) to base 12
-2759
-e6e (base 15) to base 12
-1a72
What is -2756 (base 9) in base 5?
-31301
Convert 300 (base 4) to base 11.
44
Convert -36a9 (base 13) to base 10.
-7744
43013 (base 7) to base 13
4ac9
Convert -13497 (base 10) to base 11.
-a160
What is -635 (base 9) in base 5?
-4033
3122302 (base 4) to base 5
422002
Convert -1101122 (base 3) to base 13.
-602
What is -101021122 (base 3) in base 14?
-2a36
19a7 (base 15) to base 3
21121211
What is -4c6 (base 14) in base 9?
-1274
211121 (base 3) to base 12
42a
Convert -8007 (base 11) to base 10.
-10655
Convert -a2 (base 16) to base 6.
-430
-16672 (base 8) to base 14
-2ab8
111022 (base 3) to base 10
359
Convert 497 (base 15) to base 10.
1042
3bb (base 14) to base 13
45c
Convert -11031333 (base 4) to base 11.
-15072
Convert -1012123 (base 4) to base 12.
-2737
-23311 (base 4) to base 6
-3301
110000 (base 2) to base 11
44
Convert -9e41 (base 16) to base 10.
-40513
What is 4244 (base 5) in base 7?
1450
What is -11604 (base 7) in base 10?
-3042
What is 131 (base 8) in base 10?
89
What is 4224 (base 6) in base 2?
1110111000
What is -910 (base 13) in base 14?
-7b8
-244 (base 9) to base 15
-d7
Convert -1001001010111011 (base 2) to base 10.
-37563
What is 1684 (base 15) in base 12?
2981
-13421 (base 5) to base 8
-2127
What is 454 (base 13) in base 15?
34a
-20313121 (base 4) to base 11
-25312
Convert 112212 (base 3) to base 7.
1112
Convert -99 (base 15) to base 13.
-b1
-6a6 (base 15) to base 14
-798
What is 11100210 (base 3) in base 6?
22420
Convert 532 (base 8) to base 3.
110211
-29456 (base 10) to base 2
-111001100010000
What is -2691 (base 11) in base 12?
-2028
-1024 (base 8) to base 12
-384
Convert -21222 (base 7) to base 14.
-1cb9
72 (base 12) to base 8
126
Convert 1100110110010 (base 2) to base 11.
4a40
-45045 (base 6) to base 16
-1895
What is 376 (base 16) in base 2?
1101110110
What is 32443 (base 6) in base 7?
16044
Convert 1103442 (base 6) to base 11.
38568
What is -3475 (base 11) in base 8?
-10717
Convert 605 (base 13) to base 4.
33323
Convert -1013031 (base 4) to base 15.
-153c
-716 (base 15) to base 16
-63c
What is -1c1b (base 13) in base 10?
-4249
Convert 1a76 (base 11) to base 10.
2624
Convert -52a8 (base 11) to base 15.
-212a
-282 (base 10) to base 12
-1b6
Convert 100100011010111 (base 2) to base 10.
18647
Convert -1020 (base 3) to base 4.
-201
-2100000202 (base 3) to base 16
-b37b
7b9 (base 13) to base 5
20320
What is -32b3 (base 12) in base 8?
-12747
What is -4101 (base 5) in base 13?
-316
Convert -10512 (base 7) to base 10.
-2655
Convert -cac (base 15) to base 12.
-17a6
177c1 (base 13) to base 6
545344
Convert 125878 (base 9) to base 8.
225367
27a8 (base 13) to base 8
13123
153234 (base 8) to base 9
83324
2bb (base 16) to base 14
37d
-10253 (base 7) to base 13
-1202
42320 (base 5) to base 3
10220000
What is 545 (base 8) in base 9?
436
Convert 2c2 (base 15) to base 7.
1562
135034 (base 6) to base 4
3013132
Convert -21a5 (base 11) to base 10.
-2898
Convert -3411 (base 9) to base 12.
-1561
What is 22110 (base 4) in base 11?
550
What is -1303223 (base 4) in base 11?
-5620
4320 (base 5) to base 7
1464
76b0 (base 13) to base 5
1012121
What is -330 (base 4) in base 7?
-114
Convert -211 (base 14) to base 4.
-12113
What is 2a19 (base 13) in base 12?
364a
What is -392 (base 15) in base 16?
-32c
What is -10404021 (base 5) in base 4?
-112100000
-222201 (base 3) to base 5
-10341
Convert 36547 (base 8) to base 5.
1000334
Convert 11110111110100 (base 2) to base 3.
210202102
What is 101 (base 5) in base 7?
35
-131501 (base 6) to base 4
-2330131
What is 405 (base 11) in base 15?
229
What is -12a85 (base 11) in base 7?
-105150
-5645 (base 11) to base 9
-11165
c6c (base 13) to base 14
ab4
What is -121202 (base 4) in base 10?
-1634
4332 (base 8) to base 14
b7c
What is -1000110101 (base 2) in base 4?
-20311
Convert 3601 (base 11) to base 8.
11160
-184c9 (base 15) to base 6
-1404230
Convert 2144 (base 6) to base 10.
496
-101142 (base 5) to base 9
-4463
What is -2608 (base 11) in base 12?
-1b70
What is 21c5 (base 14) in base 11?
4445
Convert 2cb (base 15) to base 16.
281
What is 2160 (base 8) in base 9?
1502
What is -2a6 (base 14) in base 16?
-21a
What is 325502 (base 6) in base 8?
65056
What is -1239 (base 11) in base 9?
-2184
What is 10303 (base 4) in base 12?
217
14003 (base 5) to base 16
468
What is d5 (base 14) in base 7?
355
What is 251 (base 13) in base 12?
298
What is 15160 (base 10) in base 6?
154104
What is -10100 (base 3) in base 11?
-82
b (base 14) to base 